uppose 0 = -2*h - 0 - 4, 0 = 3*o + 5*h + 52. List the prime factors of o/((-6 - -2) + 2).
7
Let y = 14 + -22. Let u = 14 + y. Suppose 3*l = 4*f + 32 + u, -5*l - 4*f + 106 = 0. What are the prime factors of l?
2, 3
Let h be 1 + -2*(-7)/2. Suppose 0 = f - 24 + h. Let j = f + -10. List the prime factors of j.
2, 3
Let r be (2 - 3) + (-1 - -7). Suppose r*y = -0*y - 5*a + 180, -3*y + 2*a = -128. List the prime factors of y.
2, 5
Suppose -5*m + 4 = -21. Suppose -25 = -5*n + 5*k + 25, -51 = -m*n + 4*k. What are the prime factors of n?
11
Let f = -60 + 102. What are the prime factors of f?
2, 3, 7
Suppose -4*o = -3*o - 23. What are the prime factors of o?
23
Let b(n) be the second derivative of n**6/360 - n**5/20 - 5*n**4/12 + n**3/3 + n. Let f(w) be the second derivative of b(w). What are the prime factors of f(8)?
2, 3
List the prime factors of -10*(-3 + 1 + 0).
2, 5
Let j be 0/((-3 + 2)/(-1)). Let b be 0 + 67 - (-1 + j). Suppose -b = -5*p + 27. List the prime factors of p.
19
Suppose -2*n = -n - 126. List the prime factors of (-6)/4 - n/(-4).
2, 3, 5
Suppose -2*o - 2 = 3*v, -o + 2*v = 3*v + 1. List the prime factors of (o/2 + 1)*56.
2, 7
Let h be 3/6 + (-6)/(-4). Suppose 0 = -h*d - v + 33, -8 = 2*v + 2. What are the prime factors of d?
19
Let i be 1*(-50 + 2/2). Let z = i - -70. What are the prime factors of z?
3, 7
Let r(f) = -3*f - 6. Suppose -2*b = -4*b - 14. What are the prime factors of r(b)?
3, 5
Let n(v) = -v**2 - 10*v + 5. Let x(j) = -2*j**2 - 5*j + 3. Let w be x(-4). What are the prime factors of n(w)?
2, 7
Let j(z) = z**3 + 22*z**2 + 8. What are the prime factors of j(-22)?
2
Let a(n) = -n**3 - 16*n**2 - n - 2. List the prime factors of a(-16).
2, 7
Let b(o) = o**2 - 12*o - 13. Let u = 50 - 34. List the prime factors of b(u).
3, 17
Let d = 7 - -18. List the prime factors of d.
5
Let w(o) = 3*o + 2. Let l be w(-6). Let x = l - -11. What are the prime factors of (-8 - -6)/(1/x)?
2, 5
Let m(u) = -u**3 - 5*u**2 - 6*u - 4. Let k be m(-5). Suppose -3*t - 2 = -k. What are the prime factors of t?
2
List the prime factors of 6012/21 + 76/28 + -3.
2, 11, 13
Let p(q) = 207*q. List the prime factors of p(1).
3, 23
Let o = 1 + 49. Let b = o + -36. What are the prime factors of b?
2, 7
Let w be (-1 - -6)*(-6)/10. What are the prime factors of ((-8)/w)/(6/9)?
2
Let x(f) = 10*f**3 + 2*f**2 - 1. Suppose 3*h = 3*r + 9, -3*h + 7*r - 2*r = -13. List the prime factors of x(h).
11
Let m(d) = 8*d**2 - 5*d - 25. What are the prime factors of m(-3)?
2, 31
Let j be (-131)/(-4) + 2/8. Suppose x - 7 = j. Suppose 5*z - x = 10. List the prime factors of z.
2, 5
Suppose 2*u + 3*d = 143, -5*d = -5*u - 4*d + 332. What are the prime factors of u?
67
Let y(k) = -6*k - 3. Let z be 2/10 - 22/10. What are the prime factors of y(z)?
3
Suppose -5*d + 3*j + 115 = 5*j, 58 = 3*d - j. What are the prime factors of d?
3, 7
Suppose -6*p + 52 = 3*w - 4*p, -w = 2*p - 16. Suppose 14 = 4*g - w. List the prime factors of g.
2
Let r(d) be the second derivative of -d**3/3 - 7*d**2/2 - 3*d. Suppose -27 = 4*t - 7. What are the prime factors of r(t)?
3
Let i(h) = h - 2. Let a be i(4). Let m = a - -2. Suppose -m - 29 = -3*w. List the prime factors of w.
11
Suppose -w = 4*w - 60. Let b = w + 3. What are the prime factors of b?
3, 5
Suppose -4*q + 115 = -0*k + 3*k, -4*k + 153 = 5*q. List the prime factors of k.
37
Let o be ((-1)/2)/(1/10). Let p = o - -14. What are the prime factors of p?
3
Let g be (-634)/(-14) + 2/(-7). Suppose -g = -3*s - 0*s. Let l = s + -2. List the prime factors of l.
13
Let d be -1 + (-2)/(2/2). Let c(f) be the first derivative of -2*f**2 - 4*f + 1. List the prime factors of c(d).
2
Suppose -4*j - 38 + 158 = 0. Suppose -4*v - 3*p + j = -4, -2*p = -v + 3. List the prime factors of v.
7
Suppose 3*r = 5*q - 32, -r + 5*r + 8 = -2*q. Suppose 0*g + q*g - 2*z = 58, -3*z = 9. Let f = g + -1. What are the prime factors of f?
2, 3
Let u(r) = 5*r**2 + 4*r - 4. Let a(i) = -6*i**2 - 5*i + 4. Let b(h) = -4*a(h) - 5*u(h). Let k be b(0). List the prime factors of -1*k*(-1 + -2).
2, 3
Suppose 0*x = -2*x + 5*y + 57, -x = -3*y - 29. Let z = x + -1. Let g = 47 - z. What are the prime factors of g?
2, 11
Suppose 24 = -4*w - 96. Let r = 44 + w. What are the prime factors of r?
2, 7
Let p = -2 - -1. Let u be -2 + 4*(-5)/p. Suppose -3*q + 4*j + u = -j, q = 5*j + 6. What are the prime factors of q?
2, 3
Suppose -9 - 7 = -o. What are the prime factors of o?
2
Let h(n) = n**3 - 6*n**2 + 9*n - 10. What are the prime factors of h(5)?
2, 5
Let b = 3 - 0. Suppose -4*q + b*a = -q + 42, -q + 4*a = 8. List the prime factors of q/(-2) - (-7 - -5).
2, 5
Suppose 0 = -b + 3*w + 38, 0 = 3*b - 2*b - 2*w - 43. Let s = b - 35. List the prime factors of s.
2, 3
Let a be -2 - (-2 + 2 + -4). Let v(y) = 10*y. Let t be v(a). Suppose -15 = -3*h, -2*s + t = 3*s - 3*h. List the prime factors of s.
7
Suppose 5*d = 8 + 17. Suppose 3*s + 16 = d*s. What are the prime factors of s?
2
Suppose -x - 352 = -9*x. What are the prime factors of x?
2, 11
Let w(v) = v**2 + 11*v + 12. Let f be w(-10). Suppose 0 = 2*y + f*l - 52, 5*l - 26 = 3*y - 136. List the prime factors of y.
2, 3, 5
Let c = -21 + 23. Suppose -4*t = -c*t - 3*v - 49, 5*t - 125 = 5*v. List the prime factors of t.
2, 13
Let t = -17 - -260. What are the prime factors of t?
3
What are the prime factors of -48*(3 + (-1)/((-1)/(-4)))?
2, 3
Suppose 456 = 5*r - l, l - 6*l = -4*r + 369. What are the prime factors of r?
7, 13
What are the prime factors of 16/(-2 + 108/51)?
2, 17
Suppose -3*f - 5*f + 48 = 0. What are the prime factors of f?
2, 3
Let p(w) = -w**2 + 3*w. Let h be p(3). Let d(v) = -7*v + 6 - 3*v**2 + 12*v**2 + h*v**3 - v**3. What are the prime factors of d(8)?
2, 7
Let q(g) = g**3 - 6*g**2 + 4*g + 8. What are the prime factors of q(6)?
2
Suppose -3*g + g = -6. Suppose g*o - 33 - 42 = 0. List the prime factors of o.
5
Suppose 4 = -4*t + 3*t. What are the prime factors of (-62)/(-8) - 1/t?
2
Suppose -4 = -4*p + z, 3*p - 3*z + 3 = -3. Suppose -p*o + 13 = 5. What are the prime factors of o?
2
Let t be 1 - (6/(-2) + -22). Let q = t - 14. List the prime factors of q.
2, 3
Let x(g) = -g**3 - 3*g**2 - 2*g. Let y be ((-6)/5)/(15/50). List the prime factors of x(y).
2, 3
Let l(j) = j**2 - j - 1. Let w be l(4). Suppose -r + w = -3*g, -28 = -5*r + 2*g + 40. List the prime factors of r.
2, 7
Let v be (16 - 0)/(2/2). Let g = -1 + -3. Let u = g + v. List the prime factors of u.
2, 3
Suppose -w = -f - 3, 0*f + 3*f = -w - 5. Let t = 3 + w. Suppose 17 = 3*v - t. List the prime factors of v.
7
Let o(v) = v**3 + 12*v**2 - 13*v + 4. Suppose 6*j - j = -25, 0 = -5*p - 5*j - 90. List the prime factors of o(p).
2
Let g be -6 - 2 - 2/(-2). What are the prime factors of 10*1/(-2)*g?
5, 7
Let m(z) = z + 10. Let i(v) = 4*v + 29. Let o(f) = 3*i(f) - 8*m(f). Let y be o(5). Suppose -36 = 3*p - 8*p + n, 4*p - y = -n. What are the prime factors of p?
7
Let q(w) = -2 + w**2 - w + 0*w**2 + 2*w**2. List the prime factors of q(-2).
2, 3
Suppose -353 = -3*u - 0*u + 4*s, -5*u + s + 560 = 0. What are the prime factors of u?
3, 37
Let p = -7 + 10. Suppose -p*z = -z + 22. Let x = z - -20. List the prime factors of x.
3
Let a(z) = z**2 - z + 5. Let c be a(0). Suppose -2*o + 0 = -w - 1, 0 = -c*w - 2*o + 19. What are the prime factors of w?
3
Let o(i) = i**2 - 5*i - 8. Let z(f) = f**3 - 3*f**2 - 8*f + 7. Let r be z(5). Suppose 3*y - r = -n + y, -4*n + 33 = y. List the prime factors of o(n).
2, 3
Suppose -2*a = 3*h - 0*h - 6, 4*a = -2*h + 4. Suppose 0 = -4*i - h*x + x + 63, 20 = -4*x. What are the prime factors of i?
17
Let b(y) = -y**3 - 8*y**2 + 9*y + 3. Let n be b(-9). Suppose n*r = -2*d - 18, r + 23 = 3*d + 2*d. Let l(p) = p**2 + 7*p. List the prime factors of l(r).
2
Suppose 0 = -m + 35 + 19. List the prime factors of m/7 + 4/14.
2
Let w = 75 + -29. List the prime factors of w.
2, 23
Let v = 50 + -19. What are the prime factors of v?
31
Suppose -10*f = -6*f - 332. What are the prime factors of f?
83
Suppose c + 5*g = 70, -4*g = -4*c - 3*g + 175. List the prime factors of c.
3, 5
Suppose 3*x - 87 = -12. Let t = -14 + x. Suppose -t = -2*y + 9. What are the prime factors of y?
2, 5
Let b be (-2)/8 + 408/(-32). Let t be (6 - 1)*-5 - 0. Let v = b - t. What are the prime factors of v?
2, 3
Let p(x) = -x**3 